+ 7*h(s). What are the prime factors of c(12)?
5, 11
Let i(p) = 53*p**2 + 38*p + 557. List the prime factors of i(-12).
11, 19, 37
Let n be (-4)/(14/(-492)*(-120)/210). Let d = n - -749. List the prime factors of d.
503
Suppose -d + 10695 = 5*f, -173 = 4*f - 141. List the prime factors of d.
5, 19, 113
Suppose 2*a + 26 = 5*q, 3*q + 2*a - 12 = 10. Suppose p = l + 615, q*p + 2*l - 1845 = 3*p. List the prime factors of p.
3, 5, 41
Suppose 4*v - 6 = 3*v. Suppose g - v*g + 555 = 0. Let f = -28 + g. List the prime factors of f.
83
Let w be ((-7442)/3)/((-87)/9 - -9). Suppose -14*s + w + 8669 = 0. List the prime factors of s.
3, 5, 59
Suppose -6138*a + 6126*a = -215796. What are the prime factors of a?
7, 367
Suppose 128*k = 115*k + 11154. What are the prime factors of k - ((-36)/(-6))/(-6)?
859
Let c = 6 + -11. Let k be c*(-2 + (-14)/(-10)). Let j(r) = 9*r**2 - 5*r + 7. List the prime factors of j(k).
73
Suppose 31859 = w - b, -74237 = -2*w + b - 10517. List the prime factors of w.
151, 211
Let r = -38 - -43. Suppose -r*h - 156 = -v, 284 + 294 = 4*v + 3*h. Suppose 0*a = 2*a - v. List the prime factors of a.
73
Let c(h) = 141*h - 119. Let i = -798 - -801. What are the prime factors of c(i)?
2, 19
Suppose 5*p + 4*q = 40, 42 = 5*q + 17. Suppose n = 5*b - p*n - 390, 232 = 3*b - 5*n. Suppose -r = -2*v - b, v = -3*v + 8. List the prime factors of r.
83
Let h(f) be the third derivative of -47*f**4/24 - 5*f**3/6 + 27*f**2. Let k be h(-2). What are the prime factors of 1/(4/8)*k?
2, 89
Suppose 220 = f + 25. Let b = f - -111. What are the prime factors of b?
2, 3, 17
Let c = -1828 + 2792. Let s = -441 + c. What are the prime factors of s?
523
Suppose -5*o + 11*o = 81570. Suppose -10879 = 4*g + a, g + 4*g + o = -5*a. List the prime factors of g/(-100) - 1/5.
3
Let s(z) = -z**3 + 8*z**2 - 12*z + 2. Let l be s(6). Let a be ((-164)/8)/((-2)/(24/l)). Let q = a + -82. List the prime factors of q.
41
Let i = 7496 + -6210. List the prime factors of i.
2, 643
Suppose 11*l = -17024 + 5518. List the prime factors of l/(-2)*(-8 + -10 + 19).
523
Suppose 2*p - 4*s = 12, 0 = -6*s + s - 15. Suppose -5*f + b + 2441 = p, f + 2*b - 5*b = 477. List the prime factors of f.
3, 163
Suppose -2*x - 41751 = -3*i, 23*i + 4*x + 69585 = 28*i. What are the prime factors of i?
3, 4639
Let x(u) = -2007*u**3 + 3*u + 1. Let v be x(-1). Suppose -6*g + v = -g. What are the prime factors of g?
401
What are the prime factors of (-2 + 164/4)/(558/176142)?
13, 947
Suppose 0 = -4*p + 116 - 28. What are the prime factors of -3 - ((-44)/p - 412/1)?
3, 137
Let b(y) = -17*y + 1. Let p be b(-1). Let s be ((-84)/8)/(1/p). Let t = 281 + s. What are the prime factors of t?
2, 23
Suppose 527 - 519 = 4*v. List the prime factors of (-5503)/(-8) + v/16.
2, 43
Let c(r) = r**2 + 10*r + 48. Let n be c(-20). Suppose -y = 4*p - 129, 5*y - 3*y = -3*p + n. List the prime factors of y.
11
Let x(t) = 24*t**3 + 12*t**2 + 43*t + 4. What are the prime factors of x(8)?
2, 3, 1117
Let c(o) = 7*o - 46. Let j be c(6). Let x be (1 + (-6 - j))*13/(-1). Suppose -4*t + 859 = -x. What are the prime factors of t?
2, 109
Let g(q) = q**2 + q - 859. List the prime factors of g(30).
71
Let v(a) = -a**3 - 106*a**2 - 72*a - 519. List the prime factors of v(-106).
3, 2371
Suppose -5*p = -4*h + 27117, 66*h - p - 6780 = 65*h. What are the prime factors of h?
3, 7, 17, 19
What are the prime factors of 171 + 3238 + 7/((-14)/(-12))?
5, 683
Let t = 28202 - 19286. What are the prime factors of t?
2, 3, 743
Let k(h) = 9*h**2 - 2*h - 2. Let a be k(-1). Let y be (-1 - a/(-12)) + 17/4. Suppose 3*s = v - 48, y*v + 2*s - 133 = v. What are the prime factors of v?
3, 5
Suppose 5*l - c = -30, -2*l - 12 = 2*c - 0*c. List the prime factors of l + 1289 - (4 + -10) - -2.
1291
Let c = 345 + -330. Suppose -8*m + c*m - 441 = 0. What are the prime factors of m?
3, 7
What are the prime factors of (-74)/((-10)/35 + (-5 - 288/(-56)))?
2, 7, 37
Let x(p) be the first derivative of 11*p**3/3 + 4*p**2 - 10*p - 73. What are the prime factors of x(4)?
2, 3, 11
What are the prime factors of 10/25*(-4 + 8/12)*-5397?
2, 7, 257
Let x be (4/10)/((-10)/50). Let m(y) = 3*y + 1. Let o be m(x). List the prime factors of 4/o*(-245)/7.
2, 7
Let j(s) = -124*s - 493. List the prime factors of j(-17).
5, 17, 19
Let u(a) = -a**3 - 23*a**2 + 13*a - 450. List the prime factors of u(-30).
2, 3, 5, 7, 13
Suppose 18*k - 17*k - 428315 = 0. List the prime factors of k/425 - (-4)/(-5).
19, 53
Suppose -1842 + 6829 = r - 2*k, 9953 = 2*r + 3*k. List the prime factors of r.
17, 293
Let t = 66 - 63. Suppose 0*o = o - t. Suppose -5*c - o*b + 486 = -0*b, -c + 114 = -5*b. What are the prime factors of c?
3, 11
What are the prime factors of 3398 - (-10 - -22)/(3/(-2))?
2, 13, 131
What are the prime factors of 12/21 + 7/((-392)/(-860856))?
15373
Let k = 108 + -97. List the prime factors of 82693/117 - (1 + k/(-9)).
7, 101
Suppose 3137989 - 78844 = 93*m - 1246476. List the prime factors of m.
67, 691
Let d = 13935 + -6727. List the prime factors of d.
2, 17, 53
Suppose -74005 = -18*j - 4813. Suppose 7*l - 2183 = j. What are the prime factors of l?
3, 7, 41
Let b be 5 - 2 - (1 + (-5 - 1)). Suppose -l + 5*h + 29 = 0, l + 5*h + b + 13 = 0. Suppose -o + 44 = y, -58 = 4*y - 6*y + l*o. What are the prime factors of y?
3, 13
Let l(p) = 0 - 10 + 18*p - 6. Let y(s) = s**2 - 3*s + 8. Let b be y(0). What are the prime factors of l(b)?
2
Let v = -92 + 89. Let r be -3 + ((v - -5)/2 - -6). Suppose 4*i = r*j - 240, -4*i + 33 = j - 32. What are the prime factors of j?
61
Let d = 17699 + -4681. What are the prime factors of d?
2, 23, 283
Suppose -43*a - 16*a = -a - 420732. List the prime factors of a.
2, 3, 13, 31
Suppose -22 = h + d + 24, 4*h = -2*d - 188. Let y be (-20)/12*h/20. Suppose 5*t = -y*b + b + 37, t + 1 = 0. What are the prime factors of b?
2, 7
Suppose 210*v - 3628829 = 3775561. List the prime factors of v.
3, 7, 23, 73
Let g(d) = d**3 + 14*d**2 + 6*d - 13. Suppose -5*b - 5 = 0, -2*u - 3*b + 2*b - 27 = 0. Let c be g(u). Let f = c + -30. List the prime factors of f.
2, 3
Let f be (-45)/(-30)*(-1396)/6. What are the prime factors of -2*(0/(-7) + f/2)?
349
Suppose 382093 = -49*p + 62*p + 32133. What are the prime factors of p?
2, 5, 673
Suppose 5713 = 42*y - 839. Suppose -3*m + 2*q = -96, -30*m - y = -35*m + 2*q. List the prime factors of m.
2, 3, 5
Suppose -2*y = o - 8, 0 = 3*o - 11*y + 15*y - 18. Let t = 73 - -127. Suppose 0 = 2*u + 4*d - t, -7*d = o*u - 4*d - 196. List the prime factors of u.
2, 23
Let a(r) = -2*r**2 - 9*r + 3 + 6*r - 13*r**3 - 3*r**2 + 4*r. What are the prime factors of a(-3)?
2, 3, 17
Suppose -8*f = -6447 - 1081. Suppose 0 = f*o - 949*o + 12080. List the prime factors of o.
2, 5, 151
Let z = -158 + 285. Suppose -u = 3*k - 77, -6*k + k + z = 2*u. Suppose -92 = -29*j + k*j. List the prime factors of j.
2, 23
Let x(v) be the first derivative of -6 + 11*v**2 - 1/3*v**3 + 13*v. List the prime factors of x(19).
2, 5, 7
Let k = 8467 - 3576. What are the prime factors of k?
67, 73
Let c = 21 - 6. Let l be 3455/c - (-6)/9. Suppose 6*t - 13*t = -l. List the prime factors of t.
3, 11
Let p(t) = t**3 - 2*t**2 + 2*t + 372. Let i = -117 - -117. List the prime factors of p(i).
2, 3, 31
Let a(h) be the first derivative of 8*h**3/3 - 9*h**2/2 - 13*h + 41. List the prime factors of a(-6).
7, 47
Let d(i) = 14 - i - 4*i - i**2 + 6*i. Let r(m) = m**2 - 15. Let b(h) = -6*d(h) - 5*r(h). What are the prime factors of b(9)?
2, 3
Let y = -37 - 331. Let m = 1002 + y. List the prime factors of m.
2, 317
Suppose 5*s + 10*n = 7*n + 37, 0 = -s - 5*n + 25. List the prime factors of (-1180)/6*(-18)/s.
2, 3, 59
Suppose -5*a - a = 0. Suppose -3*p - 3 = 0, a = -y - 3*y - p + 315. List the prime factors of y.
79
What are the prime factors of 5184 - (17 - 22)*1/5?
5, 17, 61
Let n be 10944/760*5/6. Let w = 637 + -304. Suppose -n*h = -3*h - w. What are the prime factors of h?
37
Suppose 36*b = 29*b + 154. Suppose -9*j - 9126 = -b*j. List the prime factors of j.
2, 3, 13
Let t(f) = 3*f**2 - 2*f + 15. Let m be t(-7). Let k = -312 + m. Let v = k - -263. List the prime factors of v.
127
Let w(y) = 235*y**2 - 40*y - 76. What are the prime factors of w(-2)?
2, 59
Let p(g) = 129*g**2 - 299*g - 65. What are the prime factors of p(-1